tors of 2473988900?
2, 5, 24739889
List the prime factors of 171646703.
19, 9034037
What are the prime factors of 40427596?
2, 11, 31, 107, 277
What are the prime factors of 24675471?
3, 19, 113, 1277
What are the prime factors of 33626001?
3, 1987, 5641
What are the prime factors of 112024090?
2, 5, 3347
What are the prime factors of 114265407?
3, 107, 355967
List the prime factors of 3346294812.
2, 3, 7, 61, 331, 1973
What are the prime factors of 3966882902?
2, 89, 22285859
What are the prime factors of 1049887525?
5, 149, 281849
What are the prime factors of 46296172?
2, 13, 577, 1543
List the prime factors of 5410363.
7, 772909
List the prime factors of 342271623.
3, 114090541
What are the prime factors of 88440963?
3, 13, 443, 5119
List the prime factors of 134209362.
2, 3, 7, 3195461
What are the prime factors of 2674299611?
1033, 1487, 1741
What are the prime factors of 54159294?
2, 3, 7, 31, 41597
What are the prime factors of 839768452?
2, 209942113
What are the prime factors of 768396668?
2, 13, 17, 51131
List the prime factors of 121307339.
121307339
List the prime factors of 114034823.
7, 1277, 12757
What are the prime factors of 633387458?
2, 11, 19, 1515281
What are the prime factors of 519451662?
2, 3, 3407, 25411
List the prime factors of 290153366.
2, 31, 163, 28711
What are the prime factors of 1106625891?
3, 7, 3463, 15217
List the prime factors of 83599014.
2, 3, 2411, 5779
List the prime factors of 318882090.
2, 3, 5, 17, 331, 1889
What are the prime factors of 29472320?
2, 5, 31, 2971
What are the prime factors of 740945319?
3, 6397, 38609
What are the prime factors of 528006797?
1559, 338683
What are the prime factors of 51877165?
5, 1747, 5939
What are the prime factors of 151320260?
2, 5, 7, 13, 29, 47, 61
List the prime factors of 185042383.
23, 8045321
What are the prime factors of 612551865?
3, 5, 59, 692149
What are the prime factors of 3172456356?
2, 3, 264371363
What are the prime factors of 989584100?
2, 5, 83, 119227
What are the prime factors of 787057629?
3, 47, 5581969
List the prime factors of 1251182234.
2, 311, 601, 3347
What are the prime factors of 638184114?
2, 3, 17, 2085569
What are the prime factors of 708802014?
2, 3, 41, 383, 7523
List the prime factors of 99145277.
7, 11, 183943
What are the prime factors of 467366396?
2, 7, 16691657
What are the prime factors of 970982765?
5, 59, 463, 7109
List the prime factors of 185970033.
3, 331, 20809
List the prime factors of 2911770564.
2, 3, 73, 3323939
What are the prime factors of 51786091?
7, 181, 5839
List the prime factors of 31121581.
293, 106217
What are the prime factors of 551472365?
5, 110294473
List the prime factors of 333001984.
2, 7, 17, 643
List the prime factors of 194470158.
2, 3, 32411693
What are the prime factors of 73138841?
29, 593, 4253
List the prime factors of 150984659.
7, 19, 73, 15551
What are the prime factors of 14439372?
2, 3, 457, 2633
List the prime factors of 56312538.
2, 3, 173, 54251
What are the prime factors of 40484418?
2, 3, 13, 519031
What are the prime factors of 186291601?
107, 127, 13709
What are the prime factors of 4939793631?
3, 307, 1787837
What are the prime factors of 12929812?
2, 7, 163, 2833
List the prime factors of 370064879.
83, 1399, 3187
What are the prime factors of 146935660?
2, 5, 31, 236993
List the prime factors of 76808960.
2, 5, 23, 2609
What are the prime factors of 682963874?
2, 11927, 28631
List the prime factors of 2540687544.
2, 3, 35287327
List the prime factors of 2125724758.
2, 109, 89459
List the prime factors of 203719425.
3, 5, 7, 13, 19, 1571
What are the prime factors of 525997352?
2, 65749669
List the prime factors of 2150535866.
2, 43, 25006231
List the prime factors of 35124224.
2, 34301
List the prime factors of 1089715940.
2, 5, 54485797
What are the prime factors of 249896123?
249896123
List the prime factors of 285425707.
7, 40775101
What are the prime factors of 2737925793?
3, 33801553
List the prime factors of 234265011.
3, 78088337
List the prime factors of 100979876.
2, 47, 537127
What are the prime factors of 83926969?
7, 59, 203213
List the prime factors of 95798338.
2, 73, 656153
What are the prime factors of 688630706?
2, 344315353
What are the prime factors of 152952280?
2, 5, 13, 19, 113, 137
What are the prime factors of 46339517?
7, 6619931
What are the prime factors of 13406103?
3, 313, 4759
List the prime factors of 424970761.
797, 533213
What are the prime factors of 203236263?
3, 29, 113, 2297
What are the prime factors of 4840604172?
2, 3, 211, 212419
List the prime factors of 163529016.
2, 3, 7, 973387
List the prime factors of 2311949071.
151, 337, 45433
List the prime factors of 1028937793.
13, 257, 263, 1171
What are the prime factors of 5196273901?
7, 13, 59, 79, 12251
List the prime factors of 354553654.
2, 7, 13, 1948097
What are the prime factors of 4544911?
7, 649273
List the prime factors of 4239969.
3, 809, 1747
What are the prime factors of 1141472481?
3, 19, 20025833
What are the prime factors of 71222304?
2, 3, 73, 10163
List the prime factors of 180727858.
2, 127, 677, 1051
List the prime factors of 797750237.
6857, 116341
List the prime factors of 36920636.
2, 2617, 3527
List the prime factors of 737155598.
2, 17, 61, 355427
What are the prime factors of 1185471198?
2, 3, 23, 2863457
What are the prime factors of 7496843890?
2, 5, 749684389
What are the prime factors of 421637042?
2, 449, 469529
List the prime factors of 3595793776.
2, 19, 719, 16451
List the prime factors of 3637267800.
2, 3, 5, 137, 44249
List the prime factors of 320172381.
3, 769, 46261
List the prime factors of 82957882.
2, 7, 197, 4297
What are the prime factors of 88433692?
2, 22108423
What are the prime factors of 218880580?
2, 5, 10944029
List the prime factors of 9924731422.
2, 29, 4153, 41203
List the prime factors of 180819412.
2, 17, 157, 16937
What are the prime factors of 2780064008?
2, 937, 370873
List the prime factors of 1294627970.
2, 5, 129462797
List the prime factors of 6125245470.
2, 3, 5, 149, 456767
List the prime factors of 82332136.
2, 10291517
List the prime factors of 1569538408.
2, 337, 582173
What are the prime factors of 201143846?
2, 1549, 64927
What are the prime factors of 1790020761?
3, 19, 31403873
What are the prime factors of 106326266?
2, 53163133
List the prime factors of 2112785.
5, 422557
What are the prime factors of 5954478?
2, 3, 199, 4987
What are the prime factors of 2873138703?
3, 17, 56336053
What are the prime factors of 190089816?
2, 3, 7, 161641
List the prime factors of 83969295.
3, 5, 5597953
List the prime factors of 3102701224.
2, 7, 55405379
List the prime factors of 5107054599.
3, 29, 307, 63737
What are the prime factors of 61283729?
13, 37, 43, 2963
List the prime factors of 92566006.
2, 13, 263, 13537
What are the prime factors of 15193200?
2, 3, 5, 11, 1151
What are the prime factors of 2397201698?
2, 149, 1097, 7333
List the prime factors of 2516435267.
23, 1783, 61363
List the prime factors of 748046296.
2, 23, 4065469
List the prime factors of 739417440.
2, 3, 5, 1540453
List the prime factors of 1054179500.
2, 5, 11, 191669
List the prime factors of 5170175.
5, 206807
List the prime factors of 751553371.
751553371
What are the prime factors of 7038205?
5, 113, 12457
What are the prime factors of 1626305305?
5, 107, 3039823
What are the prime factors of 698092344?
2, 3, 359101
What are the prime factors of 4448929947?
3, 7, 11, 1171, 16447
List the prime factors of 231885313.
11, 773, 27271
What are the prime factors of 180714396?
2, 3, 19, 79, 127
List the prime factors of 354411962.
2, 263, 673787
List the prime factors of 22351076.
2, 11, 507979
List the prime factors of 4481768539.
4481768539
What are the prime factors of 2782774252?
2, 107, 6501809
List the prime factors of 3413773046.
2, 733, 2328631
What are the prime factors of 360872411?
313, 1051, 1097
List the prime factors of 183490643.
7, 31, 113, 1069
What are the prime factors of 3147955303?
3147955303
List the prime factors of 2674074169.
13, 59, 73, 163, 293
List the prime factors of 282181545.
3, 5, 6270701
What are the prime factors of 25391119?
13, 1953163
What are the prime factors of 431835238?
2, 239, 903421
List the prime factor